4742?
178
Calculate the greatest common factor of 26932905 and 201145.
4105
What is the highest common divisor of 104424 and 16644?
228
What is the greatest common factor of 3321055 and 25?
5
What is the greatest common factor of 31428220 and 20?
20
What is the highest common divisor of 3580 and 206220530?
1790
Calculate the highest common factor of 573021 and 14193.
171
Calculate the greatest common divisor of 31023905 and 4015.
4015
Calculate the highest common divisor of 315 and 3635588565.
315
What is the highest common factor of 41516050 and 131300?
5050
What is the highest common divisor of 1062 and 4823121852?
1062
Calculate the highest common divisor of 48 and 47360960.
16
What is the greatest common factor of 32275 and 15975?
25
Calculate the highest common divisor of 11 and 863887.
1
What is the greatest common divisor of 141225 and 166075?
175
What is the greatest common divisor of 45765 and 240988320?
5085
What is the highest common divisor of 22648018 and 548?
274
What is the highest common factor of 303 and 1657695?
3
What is the greatest common factor of 264410 and 219634?
386
Calculate the greatest common divisor of 2422 and 2318027.
173
Calculate the highest common divisor of 11148582 and 24.
6
What is the highest common factor of 29134457 and 5379?
1793
What is the highest common divisor of 6 and 101831034?
6
Calculate the greatest common divisor of 18 and 711966168.
18
What is the highest common factor of 47214 and 48006?
18
Calculate the greatest common divisor of 14008 and 784651116.
7004
Calculate the highest common divisor of 7999165 and 3995.
235
What is the highest common factor of 1106 and 5599678?
1106
What is the highest common divisor of 34415844 and 10425?
417
What is the highest common factor of 9286 and 2461486450?
9286
Calculate the highest common factor of 113304471 and 5439.
777
Calculate the greatest common factor of 78 and 17593017.
39
What is the greatest common factor of 25405 and 4220?
5
Calculate the greatest common divisor of 234 and 638061138.
234
Calculate the highest common divisor of 3050 and 3415.
5
Calculate the greatest common factor of 2776 and 132052.
4
What is the highest common divisor of 548678 and 97102?
94
Calculate the greatest common divisor of 50083 and 507529.
319
Calculate the highest common divisor of 12860012 and 8830.
1766
Calculate the highest common divisor of 258 and 9475887.
3
What is the highest common divisor of 331520 and 104160?
1120
What is the highest common factor of 5946 and 44687163?
2973
What is the highest common divisor of 14454 and 267085830?
4818
What is the greatest common divisor of 25188 and 65069?
2099
Calculate the highest common divisor of 255719398 and 22.
22
What is the greatest common factor of 122616 and 876?
12
What is the highest common factor of 31540 and 10758460?
1660
Calculate the highest common divisor of 582 and 976588628.
194
Calculate the greatest common divisor of 118 and 1830888.
118
What is the greatest common factor of 66882035 and 2728?
341
What is the highest common divisor of 315 and 8643105?
45
What is the greatest common divisor of 2373 and 1381296?
21
What is the highest common divisor of 896742 and 1606?
22
Calculate the highest common divisor of 2664 and 14929944.
888
What is the greatest common factor of 2675 and 40475?
25
What is the highest common factor of 41 and 78124229?
41
Calculate the greatest common divisor of 1487101741 and 17.
17
What is the greatest common divisor of 3 and 1654859091?
3
What is the highest common divisor of 6655477 and 5318?
2659
What is the greatest common divisor of 177648100 and 399?
133
Calculate the greatest common factor of 16969574 and 1108.
554
Calculate the greatest common factor of 6190 and 2674699.
619
Calculate the highest common factor of 5864 and 495176684.
2932
What is the greatest common factor of 850251 and 39429?
1011
What is the greatest common divisor of 1360 and 199716?
68
What is the highest common factor of 23 and 7010469?
23
What is the highest common divisor of 112 and 193497056?
16
What is the highest common divisor of 6805205 and 770?
55
What is the greatest common factor of 26996901 and 2091?
2091
Calculate the greatest common factor of 5487 and 548981666.
1829
What is the highest common factor of 37 and 309061074?
37
What is the highest common divisor of 1830 and 1275693?
183
Calculate the highest common divisor of 124548 and 215340.
1164
What is the greatest common divisor of 7400162 and 4669?
203
Calculate the highest common factor of 64 and 256143344.
16
Calculate the highest common factor of 101293905 and 255.
255
What is the highest common divisor of 2176 and 36704?
32
Calculate the highest common factor of 1607690 and 64260.
1190
Calculate the highest common divisor of 2320975 and 91780.
1765
Calculate the greatest common divisor of 18 and 26096661.
9
What is the highest common divisor of 2179 and 39729707?
2179
What is the greatest common divisor of 24633 and 2604842?
391
What is the highest common factor of 6212 and 306684887?
1553
Calculate the highest common factor of 5302 and 1922698.
482
What is the greatest common factor of 804735 and 2818395?
405
What is the highest common divisor of 20859734 and 18368?
574
Calculate the greatest common divisor of 87346967 and 26252.
6563
What is the highest common divisor of 799 and 10411191?
17
What is the highest common divisor of 14036322 and 8676?
1446
Calculate the greatest common factor of 2176954 and 233714.
2626
Calculate the highest common divisor of 2078873319 and 177.
177
What is the greatest common divisor of 7600 and 4667825?
475
What is the greatest common factor of 250746 and 9154?
46
What is the greatest common divisor of 16 and 682118?
2
What is the greatest common factor of 130 and 68927290?
10
What is the greatest common divisor of 6760 and 143320?
40
What is the highest common factor of 83540 and 1660?
20
Calculate the highest common divisor of 332 and 4829438.
166
Calculate the greatest common divisor of 68 and 81445844.
68
Calculate the greatest common divisor of 56 and 4540305.
7
What is the highest common factor of 18352310 and 682?
62
What is the highest common divisor of 7296 and 1935644?
76
What is the greatest common divisor of 12508189 and 7?
1
Calculate the highest common divisor of 54 and 4287618.
18
What is the highest common factor of 17279 and 1561181?
467
Calculate the highest common divisor of 3273 and 318273066.
3273
Calculate the greatest common divisor of 2072016 and 1024.
16
Calculate the greatest common factor of 2234116 and 4.
4
What is the greatest common factor of 2353026 and 130?
26
What is the greatest common divisor of 9762157 and 313?
313
What is the greatest common divisor of 909 and 418709943?
909
What is the greatest common divisor of 3680586 and 4212?
702
What is the greatest common divisor of 49723800 and 50?
50
What is the greatest common divisor of 8416 and 251936?
32
Calculate the highest common divisor of 21868 and 2149224.
308
Calculate the greatest common divisor of 4 and 17110343.
1
Calculate the highest common divisor of 12 and 44475456.
12
Calculate the greatest common divisor of 135 and 18423285.
15
What is the greatest common divisor of 3828305 and 130?
65
What is the highest common divisor of 1692 and 30538062?
846
What is the greatest common divisor of 20037725 and 18532?
4633
What is the highest common divisor of 752 and 47799096?
8
Calculate the highest common factor of 46063073 and 827.
827
Calculate the greatest common factor of 604364220 and 620.
620
What is the greatest common divisor of 430 and 13456635?
215
What is the greatest common factor of 104119735 and 46?
23
What is the highest common divisor of 7581 and 110390190?
1083
Calculate the greatest common factor of 1739152 and 2628.
292
Calculate the highest common divisor of 287 and 7601687.
41
Calculate the highest common factor of 36 and 119238588.
36
What is the greatest common divisor of 115808187 and 33?
33
Calculate the greatest common factor of 7379845 and 20.
5
Calculate the highest common factor of 53920 and 74320.
80
Calculate the highest common divisor of 1052 and 207302912.
1052
What is the greatest common factor of 232626 and 82353?
849
Calculate the greatest common divisor of 1830 a